6
Let d be 5/(-1)*308/(-10). Suppose -3*z - 7 - 2 = 0. Let v(x) = -x**3 - 2*x**2 - x + 2. Let u be v(z). Calculate the greatest common divisor of d and u.
14
Let w = -10 + 13. Suppose 0 = 3*y + a - 189 - 17, w*y - 5*a - 230 = 0. Suppose 0*j + y = 2*j. What is the greatest common divisor of j and 7?
7
Let k(u) = 4*u**2 + 76*u - 167. Let o be k(-21). Suppose -4*n = -n - 33. What is the highest common divisor of o and n?
1
Let g be (-262)/(-11) - 2/(-11). What is the greatest common divisor of g and 312?
24
Let u(v) be the second derivative of v**5/20 - 5*v**4/3 + 19*v**3/6 + 21*v**2/2 + 8*v. Let g be u(19). Calculate the greatest common factor of g and 189.
21
Suppose -7*i = -478 + 100. Calculate the highest common factor of 36 and i.
18
Let l(y) = -y**3 + 7*y**2 + 20*y - 9. Let s be l(6). Suppose -h = -23 + 2. What is the highest common factor of s and h?
21
Let n(i) = 2*i**2 - 23*i + 18. Let f(w) = 4*w**2 - 47*w + 36. Let v(r) = -4*f(r) + 7*n(r). Let u be v(12). Calculate the greatest common divisor of 54 and u.
18
Let l be (37*1)/((-20)/(-60)). Calculate the greatest common factor of l and 37.
37
Let s = -901 + 903. What is the highest common divisor of 16 and s?
2
Let y(c) = -c**2 - 36*c - 63. Let s be y(-15). Suppose 25 = t - 11. Calculate the highest common factor of s and t.
36
Suppose 2*j = 12*j - 20. Suppose o = -5, o = -j*n + 12 + 11. What is the highest common factor of n and 70?
14
Let l be 2*-1*(-8 + 45/6). What is the greatest common factor of 8 and l?
1
Suppose 65 = 5*q - 5. What is the highest common divisor of 147 and q?
7
Let c(i) = i**2 - 12*i + 12. Let h be c(12). Suppose -6*a + 4*a + 16 = 2*d, 4*d = a + h. What is the greatest common factor of 32 and a?
4
Let d = -305 - -318. What is the highest common divisor of 689 and d?
13
Suppose -10*b = -3*b - 84. Calculate the greatest common factor of 33 and b.
3
Let y(r) = -r + 47. Let f be y(-4). Calculate the highest common factor of f and 119.
17
Suppose -3*m - 19 = -r, 3*m - 29 = -2*r - 0*m. Let h(b) = 5*b**2 - 3*b - 4. Let v be h(3). Let a = v - r. Calculate the highest common factor of a and 8.
8
Let y(q) = 2*q**2 - 25*q - 64. Let u be y(15). Calculate the highest common divisor of u and 946.
11
Let k(q) = -q**3 + q + 6. Let f be k(0). Let n be f + -7 - (2 + 1). Let s be (-7)/((-21)/(-12))*n. What is the highest common divisor of 16 and s?
16
Suppose 0 = 5*s - 5*m, 0*m = 4*s + 2*m. Suppose -k - 285 + 36 = -3*r, -2*r + k + 165 = s. Calculate the greatest common factor of 21 and r.
21
Let t(k) = k**3 - k**2 - 5*k + 12. Let s be t(3). Calculate the greatest common factor of 540 and s.
15
Suppose -153 = -r - 5*t, 10*t - 12*t = r - 138. Calculate the greatest common divisor of 32 and r.
32
Let v(i) = i - 2. Let b be v(5). Let s = 1639 + -1624. Calculate the highest common factor of b and s.
3
Suppose 4*m - p - 723 = -0*m, 2*m + 5*p - 345 = 0. Let u(z) = -8*z - 4. Let d be u(-5). What is the highest common divisor of m and d?
36
Let h(g) = 2*g**2 - 5*g - 3. Let c be h(-12). Calculate the greatest common divisor of 15 and c.
15
Let b = 42 - 37. Suppose 0 = -b*p + 23 + 2. Calculate the highest common factor of 25 and p.
5
Let i = 380 - 353. What is the highest common factor of i and 243?
27
Let b = -1639 + 2782. What is the highest common divisor of 127 and b?
127
Let r = 5 - 12. Let q = 10 + r. Suppose 3*z = q*d - 12, 0 = -5*d - 0*z - 4*z - 7. What is the highest common factor of d and 2?
1
Let m(t) = 2*t**2 - 24*t - 39. Let c be m(16). Let n = 167 - c. What is the greatest common factor of n and 26?
26
Let y(l) = -l**2 + 4*l - 2. Let n = 20 - 18. Let t be y(n). Suppose -t*g = -d - 108, -4*g + d + 2*d + 212 = 0. Calculate the greatest common factor of g and 14.
14
Suppose -101*v + 756 = -95*v. Calculate the greatest common divisor of 36 and v.
18
Let b(q) = 23*q - 564. Let n be b(28). Calculate the greatest common factor of n and 640.
80
Let f = -15 + 19. Suppose -3*a + 19 = -7*a + j, -f*j = -2*a - 20. Let d be ((-16)/(a + 3))/2. What is the greatest common divisor of d and 48?
8
Let x be ((-27)/12)/((-6)/32). Suppose 0 = 7*j + 3*j - 60. Let h be (-146)/(-12) - 1/j. Calculate the greatest common factor of h and x.
12
Suppose -14 = -3*t + 16. Suppose t*k = 7*k. Suppose k = -2*p - p + 345. Calculate the greatest common factor of p and 23.
23
Let t be 15/(-6)*-2*(2 - 1). Suppose -t = 2*p + 3*j, -3*p = j - 2*j - 20. What is the highest common factor of p and 45?
5
Let h = 9319 + -6395. What is the highest common factor of h and 68?
68
Suppose 15*l - 464 = 361. Calculate the greatest common factor of l and 143.
11
Let a be (-5312)/(-176) - 4/22. Let m = a + -26. What is the highest common factor of m and 1?
1
Suppose 254 = 5*x + 2*v - 262, -v + 207 = 2*x. What is the highest common factor of 6 and x?
6
Suppose 0 = 2*d + 5*n - 44, -d + 3 = 5*n - 9. What is the greatest common divisor of d and 304?
16
Let u be 0 + 0 + 2 + 12/3. Let v(i) = 26*i + 20. Let q be v(u). Calculate the highest common divisor of q and 22.
22
Let b(t) = -20*t**3 - 5*t**2 - 10*t - 7. Let c be b(-2). Suppose 34 = 3*h - h. What is the greatest common divisor of h and c?
17
Let w(a) = -9*a - 191. Let g be w(-27). What is the highest common divisor of g and 156?
52
Let l(v) = -v**3 + 10*v**2 + 12*v - 15. Let g be l(11). Let z = g - -6. What is the highest common divisor of z and 18?
2
Let u be 13 + -9 + 4*-1. Suppose u = -3*n - 3*r + 3, -5*n - 4*r + 1 = -0*n. Let i be -1*((-12)/n - 30). What is the highest common factor of 65 and i?
13
Let r = -12 + 15. Let f be r/18 - (-125)/6. Suppose 0 - 21 = -s. Calculate the highest common divisor of f and s.
21
Suppose -14 = 4*c - f - 34, -c = -f - 2. Suppose -2*l - 5*p = -2*p - 141, -l + 81 = 5*p. Calculate the highest common factor of c and l.
6
Let v be ((-1)/(-3))/((-5)/(-195)). Let w(g) = 4*g - 7. Let d be w(3). Suppose 176 = d*s - 149. Calculate the greatest common divisor of v and s.
13
Let p be (-33 - -48)*(336/(-15))/(-4). What is the greatest common factor of p and 105?
21
Let g(q) = 2*q + 1. Let t be g(7). Let m be t/(-45) - 553/(-3). Calculate the greatest common divisor of 46 and m.
46
Let b(t) = t**3 + 11*t**2 + 2*t - 14. Let u be b(-10). Suppose 0*z + 2*z = u. What is the highest common divisor of 22 and z?
11
Let j(c) = c + 6. Let i be j(5). Let l(s) = 5*s - 16. Let u be l(-17). Let m = u + 134. What is the greatest common divisor of i and m?
11
Let k = 406 - 286. What is the highest common divisor of 150 and k?
30
Suppose -2403 = -5*k + 5*s - 678, s = -4*k + 1395. What is the greatest common divisor of k and 232?
116
Let i = -969 + 985. Let y = 138 + -74. What is the highest common factor of i and y?
16
Let w = 60 + -173. Let u = 167 + w. What is the highest common divisor of 27 and u?
27
Suppose s - k = 9 - 6, k - 27 = -4*s. What is the greatest common factor of s and 282?
6
Let b(u) = -u**3 - u**2 + 3*u + 2. Let y be (-2 - -1)/((-14)/(-42)). Let a be b(y). What is the highest common factor of 22 and a?
11
Let j = -978 + 1438. Calculate the highest common factor of 80 and j.
20
Let y(t) = 19*t + 5. Let d be y(5). Let i be -1 - (-12)/((-3)/(-1) + -2). Suppose 16*o - d = i*o. What is the greatest common factor of 50 and o?
10
Let j(d) = d**3 + 5*d**2 + 8*d - 1. Let c be j(-6). Let p = 87 + c. What is the greatest common factor of p and 22?
2
Let o be (-1 - -2)*(-4 + 1). Let d(w) = -2*w**3 - 4*w**2 - 2. Let c be d(o). Calculate the highest common factor of c and 112.
16
Let g(i) = -i**3 - 6*i**2 - 3*i + 10. Let x be g(-7). Let z = -22 + 38. Calculate the greatest common factor of x and z.
16
Let h(t) = 32 - 2*t**3 - 18 - 21 + 9*t**2 - t. Let n be h(4). Calculate the greatest common divisor of n and 40.
5
Let p be (-5)/(1*2/(-6)). Let z = -374 + 384. Calculate the greatest common divisor of p and z.
5
Suppose -12*x + 127 = -221. What is the greatest common factor of 116 and x?
29
Suppose -6 = s - 3*k, -10*k - 2 = -3*s - 6*k. Calculate the greatest common factor of s and 30.
6
Let d(s) = -5*s + 6. Let i be d(-3). Let h = i + -11. Let a(m) = m - 1. Let x be a(h). What is the greatest common divisor of x and 9?
9
Let w be 9 - 100/12 - 932/(-6). What is the greatest common divisor of w and 36?
12
Suppose -2*n - 442 = -2*w, -248 = -w + 4*n - 21. What is the greatest co